, what is 21b - -8?
223
In base 13, what is a + 12?
1c
In base 14, what is 403 - -5?
408
In base 9, what is 11 + 106?
117
In base 3, what is -1 + 10010?
10002
In base 5, what is 14011 + -10?
14001
In base 5, what is 1034 - -412?
2001
In base 15, what is -5 - -18?
13
In base 3, what is -1002 - -10220?
2211
In base 2, what is -111001011 - 11?
-111001110
In base 16, what is 1 - 97?
-96
In base 15, what is 2e7 - c?
2da
In base 14, what is 4 - -6c?
72
In base 9, what is 21 - 62?
-41
In base 13, what is 4 - 32?
-2b
In base 3, what is -2 - 1020?
-1022
In base 10, what is -1202 - 2?
-1204
In base 6, what is -4230 + -12?
-4242
In base 6, what is 100 - -5?
105
In base 7, what is 2225 - 1?
2224
In base 4, what is 3 + 112?
121
In base 4, what is 10333212 + -10?
10333202
In base 16, what is 6d - 6?
67
In base 15, what is -90 - -81?
-e
In base 16, what is 3 + 430?
433
In base 4, what is -203 - -2120?
1311
In base 6, what is -402 + -2?
-404
In base 11, what is -503 + -4?
-507
In base 13, what is 21 - -8?
29
In base 12, what is 265 - -1?
266
In base 12, what is 0 + -1b1?
-1b1
In base 14, what is -1 - -1c?
1b
In base 7, what is 2601 - -4?
2605
In base 3, what is -210201 - 22?
-211000
In base 10, what is 2 - 673?
-671
In base 10, what is 41 - 155?
-114
In base 13, what is 14 - -226?
23a
In base 15, what is -7a6 - -3?
-7a3
In base 4, what is -1001 + -222?
-1223
In base 8, what is -3 - -13?
10
In base 14, what is 4d + 3?
52
In base 12, what is -3 + -48?
-4b
In base 3, what is -12 - 1201101?
-1201120
In base 5, what is -24003 + 2?
-24001
In base 6, what is -4033 - 14?
-4051
In base 5, what is 0 - 2?
-2
In base 16, what is -2 + 5?
3
In base 12, what is 41 + 4?
45
In base 13, what is -65 + c?
-56
In base 15, what is -2 - -71?
6e
In base 4, what is 0 - 220332?
-220332
In base 12, what is -67 - -2?
-65
In base 11, what is -22 - 6?
-28
In base 4, what is -13222210 + -1?
-13222211
In base 10, what is -31 + 98?
67
In base 4, what is -10 + 1012?
1002
In base 15, what is 3 + -31e?
-31b
In base 8, what is -4232 - -10?
-4222
In base 2, what is 11 + 101?
1000
In base 10, what is 22 - 2?
20
In base 4, what is 1 - 22301?
-22300
In base 7, what is 431 - -2?
433
In base 3, what is 202001 - 2?
201222
In base 16, what is -22 - -9?
-19
In base 6, what is 2 + 23225?
23231
In base 9, what is 372 - -4?
376
In base 14, what is -2d - 5?
-34
In base 7, what is 253 + -15?
235
In base 12, what is 225 - -18?
241
In base 10, what is -234 + 14?
-220
In base 16, what is -1 - -11a?
119
In base 4, what is -110121 + -20?
-110201
In base 9, what is -5 - -2632?
2626
In base 7, what is -5 + -634?
-642
In base 6, what is 2 - 1310?
-1304
In base 12, what is -62 - -97?
35
In base 6, what is 120241 - 2?
120235
In base 14, what is 5aa - -17?
5c3
In base 2, what is -10 + 100111010?
100111000
In base 2, what is -10 + -110110111110?
-110111000000
In base 5, what is 103 + 1212?
1320
In base 12, what is 2 - 364?
-362
In base 7, what is 1 + -1235?
-1234
In base 10, what is -3 + 76?
73
In base 4, what is -2203 - 1021?
-3230
In base 8, what is 1537 + -1?
1536
In base 3, what is -111 + -1001011?
-1001122
In base 10, what is 5 + -14?
-9
In base 6, what is -3 - 124?
-131
In base 10, what is -9 - 15?
-24
In base 6, what is -1 - 2325?
-2330
In base 4, what is -131300 + 2?
-131232
In base 6, what is 230 + -210?
20
In base 5, what is 1011 + -43?
413
In base 8, what is 5 - 42?
-35
In base 11, what is 23 + -2?
21
In base 16, what is f + 2?
11
In base 5, what is 3443 + -2?
3441
In base 11, what is 3 - -47?
4a
In base 2, what is -101 + 1111010001?
1111001100
In base 6, what is -5411 + -14?
-5425
In base 14, what is -5 + 1b8?
1b3
In base 14, what is 2 + -218?
-216
In base 12, what is -a2 - -4?
-9a
In base 6, what is 0 + 453?
453
In base 16, what is -3 - 94?
-97
In base 14, what is -49 + 1?
-48
In base 9, what is 26 + 5?
32
In base 12, what is 0 - 186?
-186
In base 4, what is -11 - -203133?
203122
In base 10, what is 10 + -1813?
-1803
In base 16, what is 9 - -91?
9a
In base 10, what is 1470 - 2?
1468
In base 11, what is 3 + 5?
8
In base 9, what is -156 + 2?
-154
In base 15, what is 91 - -3?
94
In base 15, what is -84 - -6?
-7d
In base 3, what is -2 + -11102?
-11111
In base 11, what is -a + -13?
-22
In base 4, what is -1330 + 3?
-1321
In base 12, what is -a - 342?
-350
In base 16, what is -3 - -2f?
2c
In base 3, what is 1012 - -112212?
121001
In base 14, what is -1 - -1d?
1c
In base 3, what is -100121111 - 2?
-100121120
In base 5, what is 21422 + -10?
21412
In base 14, what is 50 + -1?
4d
In base 15, what is 7 - -8?
10
In base 10, what is -13 + -80?
-93
In base 7, what is 362 - 0?
362
In base 15, what is 424 - 1?
423
In base 8, what is -6 - -3?
-3
In base 2, what is 10 - -101101?
101111
In base 8, what is 16 + 11?
27
In base 3, what is -11 + 201200?
201112
In base 9, what is 1453 + -4?
1448
In base 4, what is 0 - 1003211?
-1003211
In base 4, what is 1100 - -1123?
2223
In base 7, what is 124 + 4?
131
In base 6, what is -32200 + -4?
-32204
In base 2, what is -1010010 + 10?
-1010000
In base 11, what is 1 - -868?
869
In base 4, what is -2130 + -2?
-2132
In base 3, what is 112 - 2?
110
In base 2, what is -11 + 1000?
101
In base 4, what is 13212 - -11?
13223
In base 15, what is 3 + -75?
-72
In base 2, what is -1111111100011 + -101?
-1111111101000
In base 10, what is 1 + 1047?
1048
In base 9, what is -373 + -4?
-377
In base 8, what is -4 - 1251?
-1255
In base 15, what is -4 - -eb9?
eb5
In base 11, what is 2 + 3142?
3144
In base 8, what is -1736 - -14?
-1722
In base 11, what is 2 + -1629?
-1627
In base 10, what is 112 - 22?
90
In base 8, what is 0 + -2100?
-2100
In base 6, what is 22042 - -4?
22050
In base 10, what is -16 - -94?
78
In base 4, what is -1 + -120020?
-120021
In base 6, what is -233 + -15?
-252
In base 11, what is -7 + -9?
-15
In base 2, what is -1000011 - 11?
-1000110
In base 14, what is 363 - -6?
369
In base 5, what is -1233 + 1023?
-210
In base 12, what is -4221 + -1?
-4222
In base 8, what is 223 + -34?
167
In base 2, what is 1100011011 + 10?
1100011101
In base 14, what is -39b4 - -5?
-39ad
In base 14, what is -25 + -45?
-6a
In base 9, what is 0 - -16?
16
In base 12, what is b1 - -a?
bb
In base 8, what is 1420 - -4?
1424
In base 4, what is -211 + -32?
-303
In base 13, what is -1a2b + 3?
-1a28
In base 15, what is 1e8 + 0?
1e8
In base 13, what is -407 - 14?
-41b
In base 3, what is -21 + -2101112?
-2101210
In base 15, what is 5 + 33?
38
In base 14, what is -15 - -5c?
47
In base 11, what is 39 - -5?
43
In base 16, what is 5a4 - -8?
5ac
In base 2, what is -110 - -10000?
1010
In base 8, what is 20 + 10?
30
In base 11, what is 29 + -a?
1a
In base 12, what is -9 + -4?
-11
In base 9, what is -2 - 24?
-26
In base 3, what is -2012110 + -12?
-2012122
In base 12, what is -14 - 61?
-75
In base 16, what is 4 - 46e?
-46a
In base 11, what is -4 - 785?
-789
In base 14, what is -11 - -1?
-10
In base 4, what is 302 - -3?
311
In base 9, what is 153 - 5?
147
In base 16, what is -8 - -16?
e
In base 3, what is 11200 + -2?
11121
In base 8, what is 3 - 221?
-216
In base 5, what is 100 + -3?
42
In base 5, what is -402 + -114?
-1021
In base 15, what is 3 - -96?
99
In base 11, what is -119 + -22a?
-348
In base 2, what is 111 + 100?
1011
In base 10, what is -12 + 2?
-10
In base 6, what is -10 + 3?
-3
In base 3, what is 122101012 - 1?
122101011
In base 8, what is -222 + 3?
-217
In base 6, what is 40401 - 3?
40354
In base 6, what is 5201 + -12?
5145
In base 9, what is 2 - -140?
142
In base 15, what is -18d + 0?
-18d
In base 15, what is -3 + 57?
54
In base 12, what is -26 + 5?
-21
In base 15, what is b + -102?
-e6
In base 3, what is 101 + 1200?
2001
In base 8, what is -17 + -3510?
-3527
In base 3, what is -22 - -2202?
2110
In base 9, what is 2 - 142?
-140
In base 4, what is -2 + -13323?
-13331
In base 9, what is 8 + -18?
-10
In base 14, what is 72 - 5?
6b
In base 12, what is -986 - 3?
-989
In base 2, what is 100010 - 110001011?
-101101001
In base 10, what is 0 + -567?
-567
In base 6, what is 22 - 230?
-204
In base 5, what is 222 + -1031?
-304
In base 5, what is 211 + 4?
220
In base 14, what is 182b - -4?
1831
In base 13, what is 1c3 - 0?
1c3
In base 5, what is -20 + -111?
-131
In base 10, what is -6058 + 1?
-6057
In base 16, what is -1dcf + -2?
-